{"id":3948,"date":"2022-08-20T13:44:54","date_gmt":"2022-08-20T12:44:54","guid":{"rendered":"https:\/\/mrglackin.eu\/?page_id=3948"},"modified":"2022-08-20T13:44:54","modified_gmt":"2022-08-20T12:44:54","slug":"charlotte-bronte-chronology","status":"publish","type":"page","link":"https:\/\/mrglackin.eu\/?page_id=3948","title":{"rendered":"Charlotte Bront\u00eb Chronology"},"content":{"rendered":"\n<h4 class=\"wp-block-heading\"><a href=\"https:\/\/victorianweb.org\/misc\/ge.html\">Glenn Everett<\/a>, Associate Professor of English, University of Tennessee at Martin<\/h4>\n\n\n\n<p>1816 Born at Thornton, Yorkshire, the third daughter of Patrick Bront\u00eb and Maria Branwell Bront\u00eb.<\/p>\n\n\n\n<p>1820 The family moves to Haworth, where Patrick Bront\u00eb has become rector.<\/p>\n\n\n\n<p>1821 Maria Bront\u00eb dies of cancer; her sister, Elizabeth Branwell, moves in with the family.<\/p>\n\n\n\n<p>1824 Patrick Bront\u00eb sends his two oldest daughters, Elizabeth and Maria, to school at Wakefield. They then transfer to the Clergy Daughters&#8217; School at Cowan Bridge, Lancashire. Charlotte and Emily join them here; it will be the model for the school in&nbsp;<em>Jane Eyre<\/em>. Elizabeth and Maria both return home, to die of consumption.<\/p>\n\n\n\n<p>1825-1831 Charlotte and Emily return home. To amuse themselves, they fill thousands of pages in miniature books with fictions about the imaginary Kingdom of Angria. Their brother, Branwell (born 1817), and their youngest sister, Anne (born 1820), eventually help develop the stories, which occupy the girls well into their twenties.<\/p>\n\n\n\n<p>1831 Charlotte attends Miss Wooler&#8217;s school at Roe Head, near Huddersfield. Strikes up friendships with Mary Taylor and Ellen Nussey.<\/p>\n\n\n\n<p>1832 Returns home to teach her sisters.<\/p>\n\n\n\n<p>1835 Returns to Roe Head as a teacher, earning money for her family, particularly to fund Branwell&#8217;s studies in art.<\/p>\n\n\n\n<p>1838 Resigns her position and returns to Haworth.<\/p>\n\n\n\n<p>1839 Rejects a marriage proposal from the Reverend Henry Nussey, Ellen&#8217;s brother. Also turns down a proposal from another young clergyman.<\/p>\n\n\n\n<p>1842-1843 Charlotte and Emily go to Brussels to study French and German at the Pensionnat Heger. Soon their aunt, Miss Branwell, dies, leaving each niece and nephew a small sum; this enables both to return home. Charlotte then returns to Brussels alone, but is lonely and depressed. She forms an attachment to Constantin Heger, the head of the school, whose stimulating and sophisticated mind appeals to her. He wounds her by mistaking her devotion for love. Madame Heger&#8217;s jealousy necessitates her departure.<\/p>\n\n\n\n<p>1844 Tries to start a school at the Haworth parsonage, but no pupils come.<\/p>\n\n\n\n<p>1845 Branwell is fired as tutor for making love to his employer&#8217;s wife; he spends three years at home drinking, taking drugs, and otherwise indulging himself until he dies of his excesses.<\/p>\n\n\n\n<p>1846 Charlotte, Emily, and Anne publish at their own expense a joint volume of&nbsp;<em>Poems by Currer, Ellis, and Acton Bell<\/em>, using&nbsp;<a href=\"https:\/\/victorianweb.org\/authors\/bronte\/cbronte\/thormahlen.html\">pseudonyms<\/a>. Only two copies are sold. Charlotte&#8217;s novel&nbsp;<em>The Professor<\/em>&nbsp;is rebuffed by publishers. She begins&nbsp;<em>Jane Eyre<\/em>&nbsp;while caring for her father&#8217;s recovery from an eye operation.<\/p>\n\n\n\n<p>1847 Publishes&nbsp;<a href=\"https:\/\/victorianweb.org\/authors\/bronte\/cbronte\/eyreov.html\"><em>Jane Eyre<\/em><\/a>&nbsp;, an immediate success.<\/p>\n\n\n\n<p>1848 Both Branwell and Emily die. Before her death, Emily infects Anne with consumption. Charlotte, interrupting her writing on her new novel,&nbsp;<em>Shirley<\/em>, attempts to nurse Anne back to health.<\/p>\n\n\n\n<p>1849 Anne dies of consumption. Charlotte finishes and publishes&nbsp;<em>Shirley<\/em>.<\/p>\n\n\n\n<p>1851 Travels to London three times as guest of her publisher; meets&nbsp;<a href=\"https:\/\/victorianweb.org\/authors\/wmt\/index.html\">Thackeray<\/a>. Journeys to the Lake Country, to Scotland, and to Manchester, where she visits&nbsp;<a href=\"https:\/\/victorianweb.org\/authors\/gaskell\/index.html\">Elizabeth Gaskell<\/a>, her future biographer. Rejects a marriage proposal from James Taylor, a member of her publishing house.<\/p>\n\n\n\n<p>1853 Publishes&nbsp;<em>Villette<\/em>, a novel set in Brussels.<\/p>\n\n\n\n<p>1854 Marries her fourth suitor, Arthur Bell Nichols, her father&#8217;s curate, who does not share her intellectual interests but who makes her happy. Begins but does not finish a novel,&nbsp;<em>Emma<\/em>.<\/p>\n\n\n\n<p>1855 Dies in pregnancy; is buried at the Haworth parsonage.<\/p>\n\n\n\n<p>1857 Her previously rejected novel&nbsp;<em>The Professor<\/em>&nbsp;is published posthumously.<\/p>\n\n\n\n<p>[This chronology is based in part on Karen Lawrence, Betsy Seifert, and Lois Ratner,&nbsp;<em>The McGraw-Hill Guide to English Literature<\/em>&nbsp;(New York: McGraw-Hill, 1985), pp. 231-233]<\/p>\n","protected":false},"excerpt":{"rendered":"<p>Glenn Everett, Associate Professor of English, University of Tennessee at Martin 1816 Born at Thornton, Yorkshire, the third daughter of Patrick Bront\u00eb and Maria Branwell Bront\u00eb. 1820 The family moves to Haworth, where Patrick Bront\u00eb has become rector. 1821 Maria Bront\u00eb dies of cancer; her sister, Elizabeth Branwell, moves in with the family. 1824 Patrick<span class=\"more-link\">Continue reading<\/span><\/p>\n","protected":false},"author":2,"featured_media":0,"parent":0,"menu_order":0,"comment_status":"closed","ping_status":"closed","template":"","meta":{"footnotes":""},"class_list":["post-3948","page","type-page","status-publish","hentry"],"_links":{"self":[{"href":"https:\/\/mrglackin.eu\/index.php?rest_route=\/wp\/v2\/pages\/3948"}],"collection":[{"href":"https:\/\/mrglackin.eu\/index.php?rest_route=\/wp\/v2\/pages"}],"about":[{"href":"https:\/\/mrglackin.eu\/index.php?rest_route=\/wp\/v2\/types\/page"}],"author":[{"embeddable":true,"href":"https:\/\/mrglackin.eu\/index.php?rest_route=\/wp\/v2\/users\/2"}],"replies":[{"embeddable":true,"href":"https:\/\/mrglackin.eu\/index.php?rest_route=%2Fwp%2Fv2%2Fcomments&post=3948"}],"version-history":[{"count":1,"href":"https:\/\/mrglackin.eu\/index.php?rest_route=\/wp\/v2\/pages\/3948\/revisions"}],"predecessor-version":[{"id":3950,"href":"https:\/\/mrglackin.eu\/index.php?rest_route=\/wp\/v2\/pages\/3948\/revisions\/3950"}],"wp:attachment":[{"href":"https:\/\/mrglackin.eu\/index.php?rest_route=%2Fwp%2Fv2%2Fmedia&parent=3948"}],"curies":[{"name":"wp","href":"https:\/\/api.w.org\/{rel}","templated":true}]}}