{"id":3644,"date":"2022-08-17T11:28:21","date_gmt":"2022-08-17T10:28:21","guid":{"rendered":"https:\/\/mrglackin.eu\/?page_id=3644"},"modified":"2022-08-17T11:28:21","modified_gmt":"2022-08-17T10:28:21","slug":"la-confrontation-a-la-difference-dealing-with-difference","status":"publish","type":"page","link":"https:\/\/mrglackin.eu\/?page_id=3644","title":{"rendered":"La confrontation a la difference &#8211;Dealing with Difference"},"content":{"rendered":"\n<p>Cet axe explore l\u2019id\u00e9e selon laquelle la rencontre avec l\u2019Autre oblige \u00e0 un d\u00e9centrage, \u00e0 une confrontation \u00e0 la diff\u00e9rence (confronting ; opposing), \u00e0 une interrogation de ses propres valeurs culturelles, qu\u2019elles soient g\u00e9n\u00e9rationnelles (on pense aux films Breakfast Club, Dead Poets Society ou \u00e0 la s\u00e9rie t\u00e9l\u00e9vis\u00e9e Mad Men), sociales (l\u2019opposition de classes dans Downton Abbey par exemple), sportives (le film Invictus, le po\u00e8me \u00ab Casey at the Bat \u00bb), philosophiques, \u00e9thiques (The Old Man and the Sea, Jonathan Livingston Seagull), etc. Cela peut entra\u00eener des effets d\u2019enrichissement mutuel mais aussi de tension, ce qui implique un travail de mise en contexte. Par exemple, des auteurs comme William Golding (Lord of the Flies) ou Harper Lee (To Kill a Mockingbird) offrent une vision de l\u2019alt\u00e9rit\u00e9 qui remet en question l\u2019ordre social et qui est violemment combattue. De m\u00eame, la rencontre avec les fresques murales en Irlande du Nord, \u0153uvres de deux communaut\u00e9s qui s\u2019opposent, force le passant \u00e0 un questionnement. Le po\u00e8me \u00ab Mandalay \u00bb de Rudyard Kipling offre \u00e9galement un point d\u2019acc\u00e8s int\u00e9ressant \u00e0 la vision coloniale de la soci\u00e9t\u00e9 britannique du XIXe si\u00e8cle, dont certains \u00e9chos peuvent encore \u00eatre vivaces deux cents ans plus tard.<\/p>\n","protected":false},"excerpt":{"rendered":"<p>Cet axe explore l\u2019id\u00e9e selon laquelle la rencontre avec l\u2019Autre oblige \u00e0 un d\u00e9centrage, \u00e0 une confrontation \u00e0 la diff\u00e9rence (confronting ; opposing), \u00e0 une interrogation de ses propres valeurs culturelles, qu\u2019elles soient g\u00e9n\u00e9rationnelles (on pense aux films Breakfast Club, Dead Poets Society ou \u00e0 la s\u00e9rie t\u00e9l\u00e9vis\u00e9e Mad Men), sociales (l\u2019opposition de classes dans<span class=\"more-link\">Continue reading<\/span><\/p>\n","protected":false},"author":2,"featured_media":0,"parent":0,"menu_order":0,"comment_status":"closed","ping_status":"closed","template":"","meta":{"footnotes":""},"class_list":["post-3644","page","type-page","status-publish","hentry"],"_links":{"self":[{"href":"https:\/\/mrglackin.eu\/index.php?rest_route=\/wp\/v2\/pages\/3644"}],"collection":[{"href":"https:\/\/mrglackin.eu\/index.php?rest_route=\/wp\/v2\/pages"}],"about":[{"href":"https:\/\/mrglackin.eu\/index.php?rest_route=\/wp\/v2\/types\/page"}],"author":[{"embeddable":true,"href":"https:\/\/mrglackin.eu\/index.php?rest_route=\/wp\/v2\/users\/2"}],"replies":[{"embeddable":true,"href":"https:\/\/mrglackin.eu\/index.php?rest_route=%2Fwp%2Fv2%2Fcomments&post=3644"}],"version-history":[{"count":1,"href":"https:\/\/mrglackin.eu\/index.php?rest_route=\/wp\/v2\/pages\/3644\/revisions"}],"predecessor-version":[{"id":3646,"href":"https:\/\/mrglackin.eu\/index.php?rest_route=\/wp\/v2\/pages\/3644\/revisions\/3646"}],"wp:attachment":[{"href":"https:\/\/mrglackin.eu\/index.php?rest_route=%2Fwp%2Fv2%2Fmedia&parent=3644"}],"curies":[{"name":"wp","href":"https:\/\/api.w.org\/{rel}","templated":true}]}}