{"id":3699,"date":"2022-08-17T17:28:20","date_gmt":"2022-08-17T16:28:20","guid":{"rendered":"https:\/\/mrglackin.eu\/?page_id=3699"},"modified":"2022-08-17T17:28:21","modified_gmt":"2022-08-17T16:28:21","slug":"axe-detude-1-lexpression-des-emotions","status":"publish","type":"page","link":"http:\/\/mrglackin.eu\/?page_id=3699","title":{"rendered":"Axe d\u2019\u00e9tude 1 : L\u2019expression des \u00e9motions"},"content":{"rendered":"\n<p>Pour de nombreux artistes, l\u2019\u00e9motion constitue tout \u00e0 la fois le terreau et le mat\u00e9riau gr\u00e2ce auxquels se construisent une \u0153uvre, une personnalit\u00e9 et une identit\u00e9. Ainsi, l\u2019expression et l\u2019exploitation des \u00e9motions caract\u00e9risent diff\u00e9rents courants et modes artistiques qui se d\u00e9veloppent dans le monde anglophone. Le courant romantique en constitue un exemple \u00e9vident, qu\u2019il s\u2019agisse d\u2019exprimer la communion avec la Nature, comme chez William Wordsworth (\u00ab I wandered lonely as a cloud \u00bb), le deuil, comme chez Edgar Allan Poe (\u00ab Annabel Lee \u00bb), ou la passion amoureuse menant jusqu\u2019\u00e0 la folie, comme chez Emily Bront\u00eb (Wuthering Heights). La figure m\u00eame du po\u00e8te romantique, passionn\u00e9, tourment\u00e9, trouvant dans l\u2019\u00e9criture une forme de sublimation de ses sentiments exacerb\u00e9s, se retrouve \u00e9galement dans le portrait de John Keats qu\u2019offre le film Bright Star de Jane Campion.<\/p>\n\n\n\n<p>Il est opportun de chercher avec les \u00e9l\u00e8ves \u00e0 d\u00e9finir pr\u00e9cis\u00e9ment les termes de romantisme, de transcendantalisme ou encore d\u2019expressionnisme, afin d\u2019en d\u00e9gager certains aspects universels mais aussi d\u2019autres plus sp\u00e9cifiques \u00e0 des cultures diverses, dans une logique contrastive qui peut avantageusement s\u2019appuyer sur les connaissances acquises durant la scolarit\u00e9 en cours de fran\u00e7ais. Mais il est \u00e9galement judicieux de ne pas limiter l\u2019approche au seul domaine de la litt\u00e9rature, car ce sont les arts en g\u00e9n\u00e9ral qui apportent leur contribution \u00e0 l\u2019expression des \u00e9motions, participant ainsi \u00e0 la construction d\u2019une identit\u00e9 individuelle et collective. Ainsi, le cin\u00e9ma de Jane Campion ne recule pas devant l\u2019expression d\u2019une v\u00e9ritable violence \u00e9motionnelle qui malm\u00e8ne ses personnages f\u00e9minins mais contribue aussi \u00e0 les construire. L\u2019art chor\u00e9graphique exploite \u00e9galement les \u00e9motions, \u00e0 divers titres et de fa\u00e7on plus ou moins expressive : il offre une entr\u00e9e sensible tr\u00e8s pertinente pour s\u2019emparer des aspects culturels propres \u00e0 diff\u00e9rentes nations et diff\u00e9rentes \u00e9poques (danses traditionnelles am\u00e9rindiennes ; chor\u00e9graphies de Martha Graham). Les arts picturaux et narratifs peuvent se rejoindre dans une v\u00e9ritable cosmogonie constitu\u00e9e d\u2019\u00e9motions, de m\u00e9moire et de sentiments (\u00ab Dreamtime \u00bb des aborig\u00e8nes australiens) : l&#8217;expression des \u00e9motions est alors \u00e9troitement li\u00e9e \u00e0 une forme de spiritualit\u00e9, comme dans les installations vid\u00e9o de Bill Viola. Enfin, l\u2019art oratoire ne peut \u00eatre oubli\u00e9, tant il joue par nature sur l\u2019expression des \u00e9motions de l\u2019orateur et de l\u2019auditeur \u00e0 sa r\u00e9ception : cela peut s\u2019observer aussi bien dans certains grands monologues du th\u00e9\u00e2tre de Shakespeare (dans Hamlet ou dans Romeo and Juliet) que dans des discours politiques comme chez Martin Luther King (\u00ab I have a dream \u00bb) ou chez Robert F. Kennedy \u00e0 l\u2019annonce de la mort du pr\u00e9c\u00e9dent (\u00ab Statement on Assassination of Martin Luther King \u00bb).<\/p>\n\n\n\n<p>La dimension existentielle de l\u2019expression des \u00e9motions est centrale. Certains artistes poussent loin la recherche dans ce domaine et n\u2019h\u00e9sitent pas \u00e0 mettre en lumi\u00e8re les \u00e9motions les plus intenses ou les plus violentes, de la douleur \u00e0 l\u2019\u00e9piphanie (th\u00e9\u00e2tre expressionniste de Eugene O\u2019Neill ou de Tennessee Williams, po\u00e9sie d\u2019Emily Dickinson ou de Sylvia Plath, nouvelles de James Joyce ou romans de Virginia Woolf, peinture de William Turner ou de Francis Bacon). D\u2019autres expriment des \u00e9motions plus retenues, ce qui n\u2019en constitue pas moins des \u0153uvres fortes et qui participent \u00e9galement d\u2019une construction identitaire singuli\u00e8re (tableaux de Mary Cassatt, d\u2019Edward Hopper ou de Grant Wood).<\/p>\n","protected":false},"excerpt":{"rendered":"<p>Pour de nombreux artistes, l\u2019\u00e9motion constitue tout \u00e0 la fois le terreau et le mat\u00e9riau gr\u00e2ce auxquels se construisent une \u0153uvre, une personnalit\u00e9 et une identit\u00e9. Ainsi, l\u2019expression et l\u2019exploitation des \u00e9motions caract\u00e9risent diff\u00e9rents courants et modes artistiques qui se d\u00e9veloppent dans le monde anglophone. Le courant romantique en constitue un exemple \u00e9vident, qu\u2019il s\u2019agisse<span class=\"more-link\">Continue reading<\/span><\/p>\n","protected":false},"author":2,"featured_media":0,"parent":0,"menu_order":0,"comment_status":"closed","ping_status":"closed","template":"","meta":{"footnotes":""},"class_list":["post-3699","page","type-page","status-publish","hentry"],"_links":{"self":[{"href":"http:\/\/mrglackin.eu\/index.php?rest_route=\/wp\/v2\/pages\/3699"}],"collection":[{"href":"http:\/\/mrglackin.eu\/index.php?rest_route=\/wp\/v2\/pages"}],"about":[{"href":"http:\/\/mrglackin.eu\/index.php?rest_route=\/wp\/v2\/types\/page"}],"author":[{"embeddable":true,"href":"http:\/\/mrglackin.eu\/index.php?rest_route=\/wp\/v2\/users\/2"}],"replies":[{"embeddable":true,"href":"http:\/\/mrglackin.eu\/index.php?rest_route=%2Fwp%2Fv2%2Fcomments&post=3699"}],"version-history":[{"count":1,"href":"http:\/\/mrglackin.eu\/index.php?rest_route=\/wp\/v2\/pages\/3699\/revisions"}],"predecessor-version":[{"id":3701,"href":"http:\/\/mrglackin.eu\/index.php?rest_route=\/wp\/v2\/pages\/3699\/revisions\/3701"}],"wp:attachment":[{"href":"http:\/\/mrglackin.eu\/index.php?rest_route=%2Fwp%2Fv2%2Fmedia&parent=3699"}],"curies":[{"name":"wp","href":"https:\/\/api.w.org\/{rel}","templated":true}]}}